site?
True
Is 3215099 a composite number?
False
Is 186166553 a prime number?
True
Is 195932833 prime?
False
Is 57662987 composite?
True
Is 33525715 prime?
False
Is 3097439 composite?
False
Is 124190447 a composite number?
True
Is 15298303 composite?
False
Is 29096143 a prime number?
True
Is 660057 composite?
True
Is 17547227 a composite number?
False
Is 6711086 a prime number?
False
Is 634061 a prime number?
True
Is 4734811 a prime number?
True
Is 11234193 prime?
False
Is 6216367 a prime number?
True
Is 102537371 prime?
True
Is 91026763 a prime number?
True
Is 1016453 a composite number?
False
Is 29842981 composite?
True
Is 9131339 a composite number?
True
Is 454297 prime?
True
Is 4178795 a prime number?
False
Is 19205629 composite?
False
Is 164040349 a composite number?
True
Is 7978301 a prime number?
True
Is 523169 a composite number?
False
Is 627901 a prime number?
True
Is 271498781 composite?
True
Is 234001 a composite number?
True
Is 1569583 prime?
False
Is 1893701 a composite number?
False
Is 3161681 composite?
False
Is 3184151 a composite number?
True
Is 3220369 a prime number?
False
Is 6518489 a prime number?
True
Is 4335823 a prime number?
True
Is 826129 composite?
False
Is 3313561 prime?
True
Is 6358505 composite?
True
Is 881929 prime?
False
Is 100398821 a prime number?
False
Is 4796758 composite?
True
Is 10518023 prime?
True
Is 56804961 prime?
False
Is 11365943 a composite number?
False
Is 4613237 a composite number?
False
Is 11445737 a composite number?
False
Is 67913939 composite?
False
Is 104943697 a composite number?
False
Is 1228231 a prime number?
False
Is 17093737 a composite number?
False
Is 105967261 a composite number?
False
Is 9272981 a prime number?
False
Is 1220407 prime?
False
Is 447942409 a prime number?
False
Is 148712219 a prime number?
True
Is 128322617 composite?
False
Is 14100533 a prime number?
True
Is 77010589 a composite number?
False
Is 2109857 composite?
False
Is 151161197 prime?
False
Is 10942003 composite?
True
Is 4573727 a prime number?
True
Is 660873 composite?
True
Is 17790131 composite?
False
Is 6202147 composite?
True
Is 53265841 a composite number?
True
Is 32292815 prime?
False
Is 36782099 prime?
True
Is 33118291 a prime number?
True
Is 206667667 composite?
False
Is 11458801 a prime number?
True
Is 19722043 a prime number?
False
Is 7721117 composite?
False
Is 79293293 composite?
False
Is 52456385 prime?
False
Is 4622257 prime?
True
Is 5961797 prime?
True
Is 650759 composite?
False
Is 238538409 prime?
False
Is 92551 a prime number?
True
Is 212041 a prime number?
False
Is 1217560481 a prime number?
False
Is 19041431 prime?
False
Is 24098603 prime?
True
Is 16386869 a composite number?
False
Is 416777 a prime number?
False
Is 3581549 composite?
False
Is 221315533 a prime number?
False
Is 2183339 prime?
True
Is 706481 a composite number?
False
Is 6142547 prime?
True
Is 632440667 prime?
False
Is 18401527 a prime number?
True
Is 7698759 a composite number?
True
Is 77308327 prime?
False
Is 1138649 composite?
False
Is 145456053 a prime number?
False
Is 14191129 prime?
True
Is 1339282039 a prime number?
True
Is 982331 composite?
True
Is 19619651 prime?
True
Is 3734219 a prime number?
True
Is 44371407 prime?
False
Is 223963 a prime number?
True
Is 109174337 a prime number?
True
Is 6390377 prime?
False
Is 22231465 prime?
False
Is 344900609 prime?
True
Is 631025581 composite?
False
Is 448599223 a composite number?
False
Is 339426842 a prime number?
False
Is 255067 prime?
False
Is 71221331 a prime number?
True
Is 1490207 a prime number?
True
Is 155833201 a prime number?
True
Is 16994323 composite?
True
Is 179551 prime?
False
Is 76385669 a prime number?
False
Is 108336373 prime?
False
Is 68123489 a composite number?
True
Is 2828209 a composite number?
False
Is 591169 a composite number?
True
Is 3373453 prime?
True
Is 11578205 composite?
True
Is 9497767 prime?
True
Is 19842443 a composite number?
False
Is 1438981 composite?
True
Is 14043607 a prime number?
False
Is 1197769 a composite number?
True
Is 13544681 prime?
True
Is 17386763 prime?
True
Is 3650833 a prime number?
True
Is 39290267 prime?
True
Is 606739 prime?
False
Is 992077 prime?
False
Is 14876569 prime?
False
Is 307890929 prime?
False
Is 124717766 a prime number?
False
Is 4166319 a composite number?
True
Is 24000839 a prime number?
True
Is 173749463 a composite number?
False
Is 3108163 prime?
True
Is 94456463 composite?
True
Is 39507493 prime?
True
Is 116390737 prime?
True
Is 633538 a composite number?
True
Is 2734439 a composite number?
True
Is 4455713 prime?
False
Is 54946069 prime?
True
Is 193932667 a composite number?
True
Is 2220643 a composite number?
False
Is 1801207 a composite number?
False
Is 392879 composite?
False
Is 469717 composite?
False
Is 235071505 prime?
False
Is 174629941 composite?
True
Is 19035083 a prime number?
True
Is 904019 a composite number?
False
Is 25104151 prime?
True
Is 7143713 a composite number?
True
Is 6456551 composite?
False
Is 1222409 prime?
True
Is 735744283 composite?
False
Is 1315033 a prime number?
False
Is 11409943 prime?
False
Is 3089521 a composite number?
True
Is 40196017 prime?
True
Is 2751083 composite?
False
Is 13953071 a prime number?
False
Is 167327581 composite?
False
Is 13064741 a prime number?
True
Is 271261 a prime number?
True
Is 217721279 composite?
False
Is 172651 composite?
True
Is 2217389 a prime number?
False
Is 117408251 prime?
True
Is 76947589 prime?
True
Is 1673237 a composite number?
False
Is 121719329 a composite number?
True
Is 5702237 a composite number?
False
Is 13403237 a composite number?
True
Is 354328813 prime?
False
Is 10425731 a prime number?
False
Is 15473083 a composite number?
False
Is 140339978 a prime number?
False
Is 454307 a prime number?
False
Is 14043235 a composite number?
True
Is 2459993 prime?
True
Is 7840703 a composite number?
True
Is 37423739 prime?
True
Is 8193211 a prime number?
False
Is 238289213 prime?
False
Is 167234 a prime number?
False
Is 103846667 prime?
False
Is 151897 a composite number?
False
Is 56823933 a composite number?
True
Is 836249 composite?
True
Is 623771 a prime number?
True
Is 48053737 composite?
False
Is 74223793 a composite number?
True
Is 11782081 prime?
False
Is 174600641 a prime number?
True
Is 8389603 prime?
True
Is 446981 a prime number?
False
Is 7619921 a prime number?
True
Is 9469429 a composite number?
True
Is 1151617 composite?
True
Is 223329347 composite?
False
Is 93848903 a prime number?
True
Is 23689189 composite?
False
Is 13012399 a composite number?
True
Is 2320859 a composite number?
False
Is 573689 prime?
False
Is 34036577 a composite number?
False
Is 1788127 composite?
True
Is 2060737 a prime number?
False
Is 1058431 composite?
True
Is 1851441 prime?
False
Is 8203831 a composite number?
False
Is 27100987 a prime number?
False
Is 26011219 a composite number?
True
Is 4331395 a composite number?
True
Is 1116847 composite?
True
Is 177433303 a composite number?
True
Is 3044711 composite?
False
Is 43915723 composite?
True
Is 255007807 a prime number?
False
Is 120203 a composite number?
True
Is 978475123 prime?
True
Is 1557186977 composite?
False
Is 16114955 a prime number?
False
Is 1483013 prime?
False
Is 11931505 composite?
True
Is 39815759 composite?
False
Is 188820143 a composite number?
False
Is 10954121 prime?
False
Is 194471 composite?
False
Is 590858 a composite number?
True
Is 17055287 a composite number?
True
Is 9734939 composite?
False
Is 4798187 composite?
True
Is 76961779 a composite number?
False
Is 10641109 a prime number?
True
Is 9118061 composite?
True
Is 30761 composite?
True
Is 1818859 a composite number?
True
Is 5063687 prime?
False
Is 7219483 composite?
False
Is 17172791 composite?
True
Is 96658621 composite?
False
Is 31250663 prime?
True
Is 8464283 composite?
True
Is 1002923 composite?
True
Is 1040297 prime?
False
Is 750527 a prime number?
False
Is 191108501 prime?
False
Is 1450913 a composite number?
False
Is 2016197509 a prime number?
False
Is 678212057 prime?
False
Is 9437621 prime?
True
Is 2472167 prime?
True
Is 4873753 composite?
False
Is 17198081 a prime number?
False
Is 10270385 prime?
False
Is 30943669 prime?
True
Is 2147569 a prime number?
True
Is 1111808983 composite?
True
Is 1361545957 a composite